(base 2) to base 6
-131523300
-2330321 (base 7) to base 13
-a352c
What is -24125 (base 15) in base 4?
-130011002
What is 615616 (base 9) in base 7?
3050100
10000010011111101 (base 2) to base 8
202375
Convert -4203033 (base 6) to base 12.
-99479
What is 1120020200 (base 5) in base 8?
11425264
Convert -310806 (base 13) to base 14.
-21ab9c
-16431 (base 7) to base 13
-218a
What is 607e8 (base 15) in base 4?
1022212013
Convert -308a77 (base 11) to base 7.
-4131266
115680 (base 9) to base 14
1b629
Convert -7092a (base 12) to base 6.
-3050054
Convert 5977601 (base 10) to base 5.
3012240401
What is -6e296 (base 15) in base 11?
-220179
What is 80716 (base 16) in base 6?
15135354
1361814 (base 9) to base 5
142434334
What is -1225161 (base 7) in base 3?
-22000120010
-4146554 (base 10) to base 3
-21210200000002
Convert -1041130313 (base 5) to base 6.
-121000513
What is 5067c (base 14) in base 10?
193366
What is -288b88 (base 12) in base 8?
-2456230
3032431242 (base 5) to base 11
351382a
What is -3013214 (base 5) in base 13?
-18a83
Convert d9d68 (base 16) to base 4.
3121311220
Convert 4d3c (base 16) to base 6.
231312
-2131881 (base 9) to base 13
-310390
What is -10102321 (base 5) in base 6?
-1425414
What is -1ce7d (base 15) in base 11?
-64a12
-22b2ee (base 15) to base 9
-3106058
44722 (base 8) to base 3
221220221
1068427 (base 10) to base 7
12036643
Convert 312050 (base 11) to base 8.
1721437
Convert -11101434 (base 5) to base 3.
-11221020000
What is -579a73 (base 15) in base 14?
-7acabd
Convert 110101011010100100001 (base 2) to base 15.
248920
What is -2250340 (base 6) in base 9?
-185356
Convert -d401b (base 15) to base 12.
-28482b
a9bd2 (base 15) to base 16
83aa1
What is 4542 (base 12) in base 14?
2b2a
13414661 (base 8) to base 3
12200111100112
Convert -12404055 (base 6) to base 12.
-17662b
1ac53 (base 14) to base 9
113587
-214362 (base 8) to base 3
-10122122210
Convert -fdb7 (base 16) to base 6.
-1220411
What is 1002235 (base 9) in base 16?
82265
Convert -6977859 (base 10) to base 7.
-113211420
-1660c1a (base 13) to base 4
-123210221100
What is 2002212201 (base 3) in base 9?
62781
What is -2004037 (base 10) in base 15?
-298bc7
1121445 (base 6) to base 15
12028
Convert 2458200 (base 10) to base 4.
21120021120
What is 20000200110 (base 3) in base 5?
12243341
What is -64080 (base 10) in base 14?
-194d2
12200132202 (base 4) to base 14
325974
-2205501 (base 6) to base 2
-11010111000101101
What is -2b8b8 (base 14) in base 2?
-11010100011001010
-2031234 (base 6) to base 8
-276346
What is -6054687 (base 10) in base 8?
-27061437
What is -1111431012 (base 5) in base 8?
-11265047
What is -41cab1 (base 14) in base 16?
-21f273
-1633224 (base 9) to base 16
-dda0d
What is 99630 (base 10) in base 15?
1e7c0
What is -3265005 (base 7) in base 8?
-1422377
What is 20351054 (base 6) in base 7?
5004625
Convert 59853 (base 12) to base 16.
1d67f
-5cd116 (base 14) to base 8
-14116520
What is 7cb065 (base 14) in base 15?
5910a8
What is 255b1c (base 16) in base 14?
47a284
What is 48386 (base 11) in base 4?
101000211
-1121201122000 (base 3) to base 9
-1551560
What is 120200012222 (base 3) in base 16?
4b530
-210110202001 (base 3) to base 4
-1213023220
-102211012001 (base 3) to base 7
-1656250
Convert -48427a1 (base 11) to base 16.
-80bc64
Convert -212210021020 (base 3) to base 10.
-468213
What is e3274 (base 15) in base 11?
451581
Convert -167684 (base 11) to base 12.
-105aa0
What is dc997 (base 16) in base 6?
31211115
Convert -223142210 (base 5) to base 7.
-11263121
What is -3d9f (base 16) in base 5?
-1001100
What is 13bb7 (base 15) in base 12?
30831
20221344 (base 5) to base 9
268833
Convert 1b76df (base 16) to base 13.
4b0341
Convert -2bb02 (base 12) to base 6.
-1155202
What is 2001222100 (base 3) in base 14?
10c2a
-4b268 (base 13) to base 14
-3884b
33a27ba (base 12) to base 15
d0d2e4
What is 152809 (base 16) in base 9?
2542831
What is 1103020231 (base 4) in base 13?
bbcc3
-436436 (base 11) to base 5
-134243021
-a1009 (base 12) to base 13
-74235
Convert 1063454 (base 8) to base 11.
187884
What is -4686a (base 13) in base 6?
-2432334
Convert -101200030 (base 5) to base 11.
-261a24
-4850110 (base 9) to base 7
-31235463
Convert ba7713 (base 14) to base 2.
11000000111001010110101
-276318 (base 9) to base 14
-45671
97260 (base 10) to base 9
157366
-1212021120211 (base 3) to base 7
-11261236
14152003 (base 6) to base 16
757e3
Convert -6ac45 (base 13) to base 14.
-51309
Convert 6c7e7 (base 15) to base 2.
1010100011110111010
Convert 824638 (base 13) to base 15.
3eee2a
What is 142140311 (base 5) in base 9?
1347172
Convert 1cb9c (base 13) to base 11.
3983a
What is 9a6295 (base 11) in base 12?
654435
Convert 13a649 (base 11) to base 15.
44d93
Convert 1045615 (base 7) to base 14.
3517c
What is -2545634 (base 8) in base 13?
-1ba03b
-72120 (base 8) to base 9
-44754
Convert -333011233 (base 5) to base 2.
-101100010111101110111
Convert 100101101100110101100001 (base 2) to base 5.
10012223402
64853 (base 10) to base 7
360035
What is -b69012 (base 12) in base 16?
-2be6ce
Convert -121002221200 (base 3) to base 10.
-317079
-af91b (base 16) to base 7
-6053410
What is 112123130 (base 5) in base 12?
20415a
-a112d (base 16) to base 7
-5415330
What is 233211321103 (base 4) in base 11?
7051437
Convert -13452616 (base 7) to base 11.
-78920a
What is 126226043 (base 7) in base 15?
ab240b
What is -1101010001111001 (base 2) in base 15?
-111b3
-1b1a02b (base 13) to base 7
-136113054
What is -9044 (base 11) in base 8?
-27373
What is 87713 (base 11) in base 9?
213561
78059 (base 14) to base 4
1013001333
-a39738 (base 11) to base 4
-12113003210
11210031111 (base 4) to base 3
2202010102010
Convert 36a2a (base 14) to base 8.
405116
13249421 (base 10) to base 14
1a8c713
What is 302213210 (base 4) in base 5?
23113312
Convert 422053 (base 13) to base 5.
343444011
What is 1d8a6ad (base 14) in base 13?
3102739
Convert -119a251 (base 11) to base 7.
-23443164
34446 (base 11) to base 14
141db
-bb822 (base 15) to base 16
-91778
-34407746 (base 9) to base 10
-16716579
10971a0 (base 12) to base 13
8768c7
What is -236902 (base 11) in base 15?
-7621c
What is -13bb6b6 (base 12) in base 3?
-21111020100010
Convert -7066488 (base 9) to base 8.
-16270007
Convert -6c9876 (base 16) to base 3.
-111101120120120
Convert -41551364 (base 7) to base 10.
-3508397
Convert -5a6eb (base 15) to base 9.
-478605
Convert -420156 (base 7) to base 8.
-214670
-3a93 (base 11) to base 6
-40321
Convert -6d70ba (base 14) to base 16.
-3927bc
-10542c (base 15) to base 8
-2755750
-27a343 (base 16) to base 7
-31036316
Convert -6645671 (base 8) to base 12.
-723275
-171991 (base 11) to base 7
-2155452
What is -23088 (base 13) in base 15?
-13da0
What is 23301111 (base 4) in base 5?
3020323
What is 11410443 (base 6) in base 14?
94c67
What is 21a67 (base 16) in base 11?
94611
What is 270169 (base 10) in base 9?
451537
What is 7334 (base 15) in base 3?
1020101211
3015334 (base 6) to base 13
4cb07
What is 614014 (base 12) in base 7?
15632254
Convert -23103320200 (base 4) to base 11.
-1745737
-5571b (base 13) to base 4
-211311311
What is 9d611 (base 15) in base 14?
d0762
Convert -4b5883 (base 14) to base 13.
-6c8720
What is 32110440 (base 5) in base 14?
702d9
22031103210 (base 4) to base 10
2675940
What is 424140010 (base 6) in base 12?
2607606
-633ebb (base 16) to base 6
-351223403
What is -4531313 (base 6) in base 4?
-320011131
550b5d (base 14) to base 5
1214232224
Convert -2135236 (base 10) to base 6.
-113433204
Convert -12111120220100 (base 3) to base 9.
-5446810
What is 358a105 (base 12) in base 4?
213213200111
What is 1001011010000100110101 (base 2) in base 10?
2466101
Convert -100333013231 (base 4) to base 14.
-83ca85
What is 100101011100101111 (base 2) in base 8?
453457
-22223302 (base 5) to base 15
-3cda2
Convert -111212211022 (base 3) to base 7.
-2215433
-d79a (base 14) to base 8
-110474
Convert -8e131 (base 16) to base 12.
-240929
Convert 20111202100 (base 3) to base 11.
88297
-101001000010001010000001 (base 2) to base 7
-160300515
What is 43384 (base 10) in base 11?
2a660
What is -103233234 (base 6) in base 13?
-4c5526
21221100122111 (base 3) to base 4
100012010323
What is -584798 (base 12) in base 5?
-330334314
-32345320 (base 6) to base 7
-11120043
